{"id":7,"date":"2025-11-08T19:32:25","date_gmt":"2025-11-08T19:32:25","guid":{"rendered":"https:\/\/perceptionequine.fr\/?page_id=7"},"modified":"2025-11-17T12:11:34","modified_gmt":"2025-11-17T11:11:34","slug":"entrer-dans-le-monde-du-cheval","status":"publish","type":"page","link":"https:\/\/perceptionequine.fr\/","title":{"rendered":"BIENVENUE"},"content":{"rendered":"\t\t<div data-elementor-type=\"wp-page\" data-elementor-id=\"7\" class=\"elementor elementor-7\">\n\t\t\t\t<div class=\"elementor-element elementor-element-6216693 e-flex e-con-boxed e-con e-parent\" data-id=\"6216693\" data-element_type=\"container\" data-e-type=\"container\" data-settings=\"{&quot;background_background&quot;:&quot;classic&quot;}\">\n\t\t\t\t\t<div class=\"e-con-inner\">\n\t\t\t\t<div class=\"elementor-element elementor-element-2a6ce88 elementor-widget elementor-widget-heading\" data-id=\"2a6ce88\" data-element_type=\"widget\" data-e-type=\"widget\" data-widget_type=\"heading.default\">\n\t\t\t\t\t<h4 class=\"elementor-heading-title elementor-size-default\">Probl\u00e8me de comportement ou communication ?<\/h4>\t\t\t\t<\/div>\n\t\t\t\t<div class=\"elementor-element elementor-element-30ff3ac elementor-widget elementor-widget-text-editor\" data-id=\"30ff3ac\" data-element_type=\"widget\" data-e-type=\"widget\" data-widget_type=\"text-editor.default\">\n\t\t\t\t\t\t\t\t\t<blockquote class=\"wp-block-quote\">\n<p><\/p>\n<p>Je vous accompagne dans l&rsquo;am\u00e9lioration des <b>difficult\u00e9s comportementales install\u00e9es<\/b> de votre cheval par une analyse globale de la situation et des conseils favorisant l&rsquo;am\u00e9lioration de son bien-\u00eatre, de son \u00e9tat \u00e9motionnel et de votre compr\u00e9hension mutuelle.<\/p>\n<p><\/p>\n<p>Laura, Comportementaliste \u00e9quin (Bas-Rhin, Alsace)<\/p>\n<\/blockquote>\n<figure class=\"wp-block-gallery has-nested-images columns-default is-cropped\">\n<p><\/p>\n<\/figure>\n<p><!-- \/wp:gallery --><\/p>\t\t\t\t\t\t\t\t<\/div>\n\t\t\t\t\t<\/div>\n\t\t\t\t<\/div>\n\t\t<div class=\"elementor-element elementor-element-a9d9997 e-flex e-con-boxed e-con e-parent\" data-id=\"a9d9997\" data-element_type=\"container\" data-e-type=\"container\">\n\t\t\t\t\t<div class=\"e-con-inner\">\n\t\t\t\t<div class=\"elementor-element elementor-element-0265cff elementor-widget elementor-widget-heading\" data-id=\"0265cff\" data-element_type=\"widget\" data-e-type=\"widget\" data-widget_type=\"heading.default\">\n\t\t\t\t\t<h2 class=\"elementor-heading-title elementor-size-default\">ENTREZ DANS LE MONDE DU CHEVAL ET RECONSTRUISEZ VOTRE CONFIANCE<\/h2>\t\t\t\t<\/div>\n\t\t\t\t\t<\/div>\n\t\t\t\t<\/div>\n\t\t<div class=\"elementor-element elementor-element-75796fe e-flex e-con-boxed e-con e-parent\" data-id=\"75796fe\" data-element_type=\"container\" data-e-type=\"container\">\n\t\t\t\t\t<div class=\"e-con-inner\">\n\t\t<div class=\"elementor-element elementor-element-6e3e023 e-con-full e-flex e-con e-child\" data-id=\"6e3e023\" data-element_type=\"container\" data-e-type=\"container\">\n\t\t\t\t<div class=\"elementor-element elementor-element-ff1843c elementor-widget elementor-widget-image\" data-id=\"ff1843c\" data-element_type=\"widget\" data-e-type=\"widget\" data-widget_type=\"image.default\">\n\t\t\t\t\t\t\t\t\t\t\t\t\t\t\t<img fetchpriority=\"high\" decoding=\"async\" width=\"453\" height=\"643\" src=\"https:\/\/perceptionequine.fr\/wp-content\/uploads\/2025\/11\/recarde.jpg\" class=\"attachment-large size-large wp-image-19\" alt=\"\" srcset=\"https:\/\/perceptionequine.fr\/wp-content\/uploads\/2025\/11\/recarde.jpg 453w, https:\/\/perceptionequine.fr\/wp-content\/uploads\/2025\/11\/recarde-211x300.jpg 211w\" sizes=\"(max-width: 453px) 100vw, 453px\" \/>\t\t\t\t\t\t\t\t\t\t\t\t\t\t\t<\/div>\n\t\t\t\t<\/div>\n\t\t<div class=\"elementor-element elementor-element-9fcca21 e-con-full e-flex e-con e-child\" data-id=\"9fcca21\" data-element_type=\"container\" data-e-type=\"container\">\n\t\t\t\t<div class=\"elementor-element elementor-element-e259ab0 elementor-widget elementor-widget-image\" data-id=\"e259ab0\" data-element_type=\"widget\" data-e-type=\"widget\" data-widget_type=\"image.default\">\n\t\t\t\t\t\t\t\t\t\t\t\t\t\t\t<img decoding=\"async\" width=\"768\" height=\"1024\" src=\"https:\/\/perceptionequine.fr\/wp-content\/uploads\/2025\/11\/2024-YEUX-SCLEROTIQUE-VIR-768x1024.jpg\" class=\"attachment-large size-large wp-image-12\" alt=\"\" srcset=\"https:\/\/perceptionequine.fr\/wp-content\/uploads\/2025\/11\/2024-YEUX-SCLEROTIQUE-VIR-768x1024.jpg 768w, https:\/\/perceptionequine.fr\/wp-content\/uploads\/2025\/11\/2024-YEUX-SCLEROTIQUE-VIR-225x300.jpg 225w, https:\/\/perceptionequine.fr\/wp-content\/uploads\/2025\/11\/2024-YEUX-SCLEROTIQUE-VIR-1152x1536.jpg 1152w, https:\/\/perceptionequine.fr\/wp-content\/uploads\/2025\/11\/2024-YEUX-SCLEROTIQUE-VIR-1536x2048.jpg 1536w, https:\/\/perceptionequine.fr\/wp-content\/uploads\/2025\/11\/2024-YEUX-SCLEROTIQUE-VIR-scaled.jpg 1920w\" sizes=\"(max-width: 768px) 100vw, 768px\" \/>\t\t\t\t\t\t\t\t\t\t\t\t\t\t\t<\/div>\n\t\t\t\t<\/div>\n\t\t<div class=\"elementor-element elementor-element-8cd4a9e e-con-full e-flex e-con e-child\" data-id=\"8cd4a9e\" data-element_type=\"container\" data-e-type=\"container\">\n\t\t\t\t<div class=\"elementor-element elementor-element-3dafe4a elementor-widget__width-initial elementor-widget elementor-widget-image\" data-id=\"3dafe4a\" data-element_type=\"widget\" data-e-type=\"widget\" data-widget_type=\"image.default\">\n\t\t\t\t\t\t\t\t\t\t\t\t\t\t\t<img decoding=\"async\" width=\"646\" height=\"912\" src=\"https:\/\/perceptionequine.fr\/wp-content\/uploads\/2025\/11\/306576518_10221707061121612_2916483220766852256_n-1.jpg\" class=\"attachment-full size-full wp-image-24\" alt=\"\" srcset=\"https:\/\/perceptionequine.fr\/wp-content\/uploads\/2025\/11\/306576518_10221707061121612_2916483220766852256_n-1.jpg 646w, https:\/\/perceptionequine.fr\/wp-content\/uploads\/2025\/11\/306576518_10221707061121612_2916483220766852256_n-1-213x300.jpg 213w\" sizes=\"(max-width: 646px) 100vw, 646px\" \/>\t\t\t\t\t\t\t\t\t\t\t\t\t\t\t<\/div>\n\t\t\t\t<\/div>\n\t\t\t\t\t<\/div>\n\t\t\t\t<\/div>\n\t\t<div class=\"elementor-element elementor-element-067c335 e-flex e-con-boxed e-con e-parent\" data-id=\"067c335\" data-element_type=\"container\" data-e-type=\"container\">\n\t\t\t\t\t<div class=\"e-con-inner\">\n\t\t<div class=\"elementor-element elementor-element-d52e457 e-con-full e-flex e-con e-child\" data-id=\"d52e457\" data-element_type=\"container\" data-e-type=\"container\">\n\t\t\t\t<div class=\"elementor-element elementor-element-213e131 elementor-widget elementor-widget-heading\" data-id=\"213e131\" data-element_type=\"widget\" data-e-type=\"widget\" data-widget_type=\"heading.default\">\n\t\t\t\t\t<h3 class=\"elementor-heading-title elementor-size-default\">Adaptation<\/h3>\t\t\t\t<\/div>\n\t\t\t\t<div class=\"elementor-element elementor-element-09bbea3 elementor-widget elementor-widget-text-editor\" data-id=\"09bbea3\" data-element_type=\"widget\" data-e-type=\"widget\" data-widget_type=\"text-editor.default\">\n\t\t\t\t\t\t\t\t\t<p>Je m&rsquo;adapte au maximum \u00e0 votre fonctionnement, vos envies et vos contraintes, ainsi qu&rsquo;\u00e0 votre cheval.<\/p>\t\t\t\t\t\t\t\t<\/div>\n\t\t\t\t<\/div>\n\t\t<div class=\"elementor-element elementor-element-6817f89 e-con-full e-flex e-con e-child\" data-id=\"6817f89\" data-element_type=\"container\" data-e-type=\"container\">\n\t\t\t\t<div class=\"elementor-element elementor-element-8709d20 elementor-widget elementor-widget-heading\" data-id=\"8709d20\" data-element_type=\"widget\" data-e-type=\"widget\" data-widget_type=\"heading.default\">\n\t\t\t\t\t<h3 class=\"elementor-heading-title elementor-size-default\">Autonomie<\/h3>\t\t\t\t<\/div>\n\t\t\t\t<div class=\"elementor-element elementor-element-8e1bc1f elementor-widget elementor-widget-text-editor\" data-id=\"8e1bc1f\" data-element_type=\"widget\" data-e-type=\"widget\" data-widget_type=\"text-editor.default\">\n\t\t\t\t\t\t\t\t\t<p>Mon objectif est de vous autonomiser en m&rsquo;assurant que vous compreniez pr\u00e9cis\u00e9ment mes suggestions.<\/p>\t\t\t\t\t\t\t\t<\/div>\n\t\t\t\t<\/div>\n\t\t<div class=\"elementor-element elementor-element-3ca8290 e-con-full e-flex e-con e-child\" data-id=\"3ca8290\" data-element_type=\"container\" data-e-type=\"container\">\n\t\t\t\t<div class=\"elementor-element elementor-element-eba6f47 elementor-widget elementor-widget-heading\" data-id=\"eba6f47\" data-element_type=\"widget\" data-e-type=\"widget\" data-widget_type=\"heading.default\">\n\t\t\t\t\t<h3 class=\"elementor-heading-title elementor-size-default\">Partenariat<\/h3>\t\t\t\t<\/div>\n\t\t\t\t<div class=\"elementor-element elementor-element-0540680 elementor-widget elementor-widget-text-editor\" data-id=\"0540680\" data-element_type=\"widget\" data-e-type=\"widget\" data-widget_type=\"text-editor.default\">\n\t\t\t\t\t\t\t\t\t<p>Vous voyez votre cheval tous les jours, vous le connaissez et vos informations sont pr\u00e9cieuses et indispensables. Les r\u00e9flexions se font ensemble dans l&rsquo;\u00e9change et le partage.<\/p>\t\t\t\t\t\t\t\t<\/div>\n\t\t\t\t<\/div>\n\t\t\t\t\t<\/div>\n\t\t\t\t<\/div>\n\t\t<div class=\"elementor-element elementor-element-bae3502 e-flex e-con-boxed e-con e-parent\" data-id=\"bae3502\" data-element_type=\"container\" data-e-type=\"container\">\n\t\t\t\t\t<div class=\"e-con-inner\">\n\t\t\t\t<div class=\"elementor-element elementor-element-e5459aa elementor-align-center elementor-widget elementor-widget-button\" data-id=\"e5459aa\" data-element_type=\"widget\" data-e-type=\"widget\" data-widget_type=\"button.default\">\n\t\t\t\t\t\t\t\t\t\t<a class=\"elementor-button elementor-button-link elementor-size-sm\" href=\"https:\/\/perceptionequine.fr\/index.php\/mes-services\/\">\n\t\t\t\t\t\t<span class=\"elementor-button-content-wrapper\">\n\t\t\t\t\t\t\t\t\t<span class=\"elementor-button-text\">D\u00e9couvrir mes accompagnements<\/span>\n\t\t\t\t\t<\/span>\n\t\t\t\t\t<\/a>\n\t\t\t\t\t\t\t\t<\/div>\n\t\t\t\t\t<\/div>\n\t\t\t\t<\/div>\n\t\t<div class=\"elementor-element elementor-element-4c96bfe e-flex e-con-boxed e-con e-parent\" data-id=\"4c96bfe\" data-element_type=\"container\" data-e-type=\"container\">\n\t\t\t\t\t<div class=\"e-con-inner\">\n\t\t\t\t\t<\/div>\n\t\t\t\t<\/div>\n\t\t\t\t<\/div>\n\t\t","protected":false},"excerpt":{"rendered":"<p>Probl\u00e8me de comportement ou communication ? Je vous accompagne dans l&rsquo;am\u00e9lioration des difficult\u00e9s comportementales install\u00e9es de votre cheval par une [&hellip;]<\/p>\n","protected":false},"author":1,"featured_media":0,"parent":0,"menu_order":0,"comment_status":"closed","ping_status":"closed","template":"","meta":{"site-sidebar-layout":"default","site-content-layout":"","ast-site-content-layout":"default","site-content-style":"default","site-sidebar-style":"default","ast-global-header-display":"","ast-banner-title-visibility":"","ast-main-header-display":"","ast-hfb-above-header-display":"","ast-hfb-below-header-display":"","ast-hfb-mobile-header-display":"","site-post-title":"disabled","ast-breadcrumbs-content":"","ast-featured-img":"","footer-sml-layout":"","theme-transparent-header-meta":"","adv-header-id-meta":"","stick-header-meta":"","header-above-stick-meta":"","header-main-stick-meta":"","header-below-stick-meta":"","astra-migrate-meta-layouts":"default","ast-page-background-enabled":"default","ast-page-background-meta":{"desktop":{"background-color":"var(--ast-global-color-5)","background-image":"","background-repeat":"repeat","background-position":"center center","background-size":"auto","background-attachment":"scroll","background-type":"","background-media":"","overlay-type":"","overlay-color":"","overlay-opacity":"","overlay-gradient":""},"tablet":{"background-color":"","background-image":"","background-repeat":"repeat","background-position":"center center","background-size":"auto","background-attachment":"scroll","background-type":"","background-media":"","overlay-type":"","overlay-color":"","overlay-opacity":"","overlay-gradient":""},"mobile":{"background-color":"","background-image":"","background-repeat":"repeat","background-position":"center center","background-size":"auto","background-attachment":"scroll","background-type":"","background-media":"","overlay-type":"","overlay-color":"","overlay-opacity":"","overlay-gradient":""}},"ast-content-background-meta":{"desktop":{"background-color":"var(--ast-global-color-4)","background-image":"","background-repeat":"repeat","background-position":"center center","background-size":"auto","background-attachment":"scroll","background-type":"","background-media":"","overlay-type":"","overlay-color":"","overlay-opacity":"","overlay-gradient":""},"tablet":{"background-color":"var(--ast-global-color-4)","background-image":"","background-repeat":"repeat","background-position":"center center","background-size":"auto","background-attachment":"scroll","background-type":"","background-media":"","overlay-type":"","overlay-color":"","overlay-opacity":"","overlay-gradient":""},"mobile":{"background-color":"var(--ast-global-color-4)","background-image":"","background-repeat":"repeat","background-position":"center center","background-size":"auto","background-attachment":"scroll","background-type":"","background-media":"","overlay-type":"","overlay-color":"","overlay-opacity":"","overlay-gradient":""}},"footnotes":""},"class_list":["post-7","page","type-page","status-publish","hentry"],"yoast_head":"<!-- This site is optimized with the Yoast SEO plugin v26.3 - https:\/\/yoast.com\/wordpress\/plugins\/seo\/ -->\n<title>BIENVENUE - Perception \u00e9quine<\/title>\n<meta name=\"robots\" content=\"index, follow, max-snippet:-1, max-image-preview:large, max-video-preview:-1\" \/>\n<link rel=\"canonical\" href=\"https:\/\/perceptionequine.fr\/\" \/>\n<meta property=\"og:locale\" content=\"fr_FR\" \/>\n<meta property=\"og:type\" content=\"article\" \/>\n<meta property=\"og:title\" content=\"BIENVENUE - Perception \u00e9quine\" \/>\n<meta property=\"og:description\" content=\"Probl\u00e8me de comportement ou communication ? Je vous accompagne dans l&rsquo;am\u00e9lioration des difficult\u00e9s comportementales install\u00e9es de votre cheval par une [&hellip;]\" \/>\n<meta property=\"og:url\" content=\"https:\/\/perceptionequine.fr\/\" \/>\n<meta property=\"og:site_name\" content=\"Perception \u00e9quine\" \/>\n<meta property=\"article:publisher\" content=\"https:\/\/www.facebook.com\/laura.perceptionequine\" \/>\n<meta property=\"article:modified_time\" content=\"2025-11-17T11:11:34+00:00\" \/>\n<meta property=\"og:image\" content=\"http:\/\/perceptionequine.fr\/wp-content\/uploads\/2025\/11\/recarde.jpg\" \/>\n<meta name=\"twitter:card\" content=\"summary_large_image\" \/>\n<meta name=\"twitter:label1\" content=\"Dur\u00e9e de lecture estim\u00e9e\" \/>\n\t<meta name=\"twitter:data1\" content=\"1 minute\" \/>\n<script type=\"application\/ld+json\" class=\"yoast-schema-graph\">{\"@context\":\"https:\/\/schema.org\",\"@graph\":[{\"@type\":\"WebPage\",\"@id\":\"https:\/\/perceptionequine.fr\/\",\"url\":\"https:\/\/perceptionequine.fr\/\",\"name\":\"BIENVENUE - Perception \u00e9quine\",\"isPartOf\":{\"@id\":\"https:\/\/perceptionequine.fr\/#website\"},\"primaryImageOfPage\":{\"@id\":\"https:\/\/perceptionequine.fr\/#primaryimage\"},\"image\":{\"@id\":\"https:\/\/perceptionequine.fr\/#primaryimage\"},\"thumbnailUrl\":\"http:\/\/perceptionequine.fr\/wp-content\/uploads\/2025\/11\/recarde.jpg\",\"datePublished\":\"2025-11-08T19:32:25+00:00\",\"dateModified\":\"2025-11-17T11:11:34+00:00\",\"breadcrumb\":{\"@id\":\"https:\/\/perceptionequine.fr\/#breadcrumb\"},\"inLanguage\":\"fr-FR\",\"potentialAction\":[{\"@type\":\"ReadAction\",\"target\":[\"https:\/\/perceptionequine.fr\/\"]}]},{\"@type\":\"ImageObject\",\"inLanguage\":\"fr-FR\",\"@id\":\"https:\/\/perceptionequine.fr\/#primaryimage\",\"url\":\"https:\/\/perceptionequine.fr\/wp-content\/uploads\/2025\/11\/recarde.jpg\",\"contentUrl\":\"https:\/\/perceptionequine.fr\/wp-content\/uploads\/2025\/11\/recarde.jpg\",\"width\":453,\"height\":643},{\"@type\":\"BreadcrumbList\",\"@id\":\"https:\/\/perceptionequine.fr\/#breadcrumb\",\"itemListElement\":[{\"@type\":\"ListItem\",\"position\":1,\"name\":\"Home\",\"item\":\"https:\/\/perceptionequine.fr\/\"},{\"@type\":\"ListItem\",\"position\":2,\"name\":\"BIENVENUE\"}]},{\"@type\":\"WebSite\",\"@id\":\"https:\/\/perceptionequine.fr\/#website\",\"url\":\"https:\/\/perceptionequine.fr\/\",\"name\":\"Perception \u00e9quine\",\"description\":\"Laura, comportementaliste \u00e9quin\",\"publisher\":{\"@id\":\"https:\/\/perceptionequine.fr\/#organization\"},\"potentialAction\":[{\"@type\":\"SearchAction\",\"target\":{\"@type\":\"EntryPoint\",\"urlTemplate\":\"https:\/\/perceptionequine.fr\/?s={search_term_string}\"},\"query-input\":{\"@type\":\"PropertyValueSpecification\",\"valueRequired\":true,\"valueName\":\"search_term_string\"}}],\"inLanguage\":\"fr-FR\"},{\"@type\":\"Organization\",\"@id\":\"https:\/\/perceptionequine.fr\/#organization\",\"name\":\"Perception \u00e9quine\",\"url\":\"https:\/\/perceptionequine.fr\/\",\"logo\":{\"@type\":\"ImageObject\",\"inLanguage\":\"fr-FR\",\"@id\":\"https:\/\/perceptionequine.fr\/#\/schema\/logo\/image\/\",\"url\":\"https:\/\/perceptionequine.fr\/wp-content\/uploads\/2025\/11\/LOGO-FOND-TRANSPARENT-V2.png\",\"contentUrl\":\"https:\/\/perceptionequine.fr\/wp-content\/uploads\/2025\/11\/LOGO-FOND-TRANSPARENT-V2.png\",\"width\":704,\"height\":597,\"caption\":\"Perception \u00e9quine\"},\"image\":{\"@id\":\"https:\/\/perceptionequine.fr\/#\/schema\/logo\/image\/\"},\"sameAs\":[\"https:\/\/www.facebook.com\/laura.perceptionequine\",\"https:\/\/www.instagram.com\/perceptionequine\/\"]}]}<\/script>\n<!-- \/ Yoast SEO plugin. -->","yoast_head_json":{"title":"BIENVENUE - Perception \u00e9quine","robots":{"index":"index","follow":"follow","max-snippet":"max-snippet:-1","max-image-preview":"max-image-preview:large","max-video-preview":"max-video-preview:-1"},"canonical":"https:\/\/perceptionequine.fr\/","og_locale":"fr_FR","og_type":"article","og_title":"BIENVENUE - Perception \u00e9quine","og_description":"Probl\u00e8me de comportement ou communication ? Je vous accompagne dans l&rsquo;am\u00e9lioration des difficult\u00e9s comportementales install\u00e9es de votre cheval par une [&hellip;]","og_url":"https:\/\/perceptionequine.fr\/","og_site_name":"Perception \u00e9quine","article_publisher":"https:\/\/www.facebook.com\/laura.perceptionequine","article_modified_time":"2025-11-17T11:11:34+00:00","og_image":[{"url":"http:\/\/perceptionequine.fr\/wp-content\/uploads\/2025\/11\/recarde.jpg","type":"","width":"","height":""}],"twitter_card":"summary_large_image","twitter_misc":{"Dur\u00e9e de lecture estim\u00e9e":"1 minute"},"schema":{"@context":"https:\/\/schema.org","@graph":[{"@type":"WebPage","@id":"https:\/\/perceptionequine.fr\/","url":"https:\/\/perceptionequine.fr\/","name":"BIENVENUE - Perception \u00e9quine","isPartOf":{"@id":"https:\/\/perceptionequine.fr\/#website"},"primaryImageOfPage":{"@id":"https:\/\/perceptionequine.fr\/#primaryimage"},"image":{"@id":"https:\/\/perceptionequine.fr\/#primaryimage"},"thumbnailUrl":"http:\/\/perceptionequine.fr\/wp-content\/uploads\/2025\/11\/recarde.jpg","datePublished":"2025-11-08T19:32:25+00:00","dateModified":"2025-11-17T11:11:34+00:00","breadcrumb":{"@id":"https:\/\/perceptionequine.fr\/#breadcrumb"},"inLanguage":"fr-FR","potentialAction":[{"@type":"ReadAction","target":["https:\/\/perceptionequine.fr\/"]}]},{"@type":"ImageObject","inLanguage":"fr-FR","@id":"https:\/\/perceptionequine.fr\/#primaryimage","url":"https:\/\/perceptionequine.fr\/wp-content\/uploads\/2025\/11\/recarde.jpg","contentUrl":"https:\/\/perceptionequine.fr\/wp-content\/uploads\/2025\/11\/recarde.jpg","width":453,"height":643},{"@type":"BreadcrumbList","@id":"https:\/\/perceptionequine.fr\/#breadcrumb","itemListElement":[{"@type":"ListItem","position":1,"name":"Home","item":"https:\/\/perceptionequine.fr\/"},{"@type":"ListItem","position":2,"name":"BIENVENUE"}]},{"@type":"WebSite","@id":"https:\/\/perceptionequine.fr\/#website","url":"https:\/\/perceptionequine.fr\/","name":"Perception \u00e9quine","description":"Laura, comportementaliste \u00e9quin","publisher":{"@id":"https:\/\/perceptionequine.fr\/#organization"},"potentialAction":[{"@type":"SearchAction","target":{"@type":"EntryPoint","urlTemplate":"https:\/\/perceptionequine.fr\/?s={search_term_string}"},"query-input":{"@type":"PropertyValueSpecification","valueRequired":true,"valueName":"search_term_string"}}],"inLanguage":"fr-FR"},{"@type":"Organization","@id":"https:\/\/perceptionequine.fr\/#organization","name":"Perception \u00e9quine","url":"https:\/\/perceptionequine.fr\/","logo":{"@type":"ImageObject","inLanguage":"fr-FR","@id":"https:\/\/perceptionequine.fr\/#\/schema\/logo\/image\/","url":"https:\/\/perceptionequine.fr\/wp-content\/uploads\/2025\/11\/LOGO-FOND-TRANSPARENT-V2.png","contentUrl":"https:\/\/perceptionequine.fr\/wp-content\/uploads\/2025\/11\/LOGO-FOND-TRANSPARENT-V2.png","width":704,"height":597,"caption":"Perception \u00e9quine"},"image":{"@id":"https:\/\/perceptionequine.fr\/#\/schema\/logo\/image\/"},"sameAs":["https:\/\/www.facebook.com\/laura.perceptionequine","https:\/\/www.instagram.com\/perceptionequine\/"]}]}},"_links":{"self":[{"href":"https:\/\/perceptionequine.fr\/index.php\/wp-json\/wp\/v2\/pages\/7","targetHints":{"allow":["GET"]}}],"collection":[{"href":"https:\/\/perceptionequine.fr\/index.php\/wp-json\/wp\/v2\/pages"}],"about":[{"href":"https:\/\/perceptionequine.fr\/index.php\/wp-json\/wp\/v2\/types\/page"}],"author":[{"embeddable":true,"href":"https:\/\/perceptionequine.fr\/index.php\/wp-json\/wp\/v2\/users\/1"}],"replies":[{"embeddable":true,"href":"https:\/\/perceptionequine.fr\/index.php\/wp-json\/wp\/v2\/comments?post=7"}],"version-history":[{"count":33,"href":"https:\/\/perceptionequine.fr\/index.php\/wp-json\/wp\/v2\/pages\/7\/revisions"}],"predecessor-version":[{"id":149,"href":"https:\/\/perceptionequine.fr\/index.php\/wp-json\/wp\/v2\/pages\/7\/revisions\/149"}],"wp:attachment":[{"href":"https:\/\/perceptionequine.fr\/index.php\/wp-json\/wp\/v2\/media?parent=7"}],"curies":[{"name":"wp","href":"https:\/\/api.w.org\/{rel}","templated":true}]}}