{"id":43,"date":"2025-11-08T21:40:44","date_gmt":"2025-11-08T21:40:44","guid":{"rendered":"https:\/\/perceptionequine.fr\/?page_id=43"},"modified":"2025-11-17T12:15:22","modified_gmt":"2025-11-17T11:15:22","slug":"temoignages","status":"publish","type":"page","link":"https:\/\/perceptionequine.fr\/index.php\/temoignages\/","title":{"rendered":"TEMOIGNAGES"},"content":{"rendered":"\t\t<div data-elementor-type=\"wp-page\" data-elementor-id=\"43\" class=\"elementor elementor-43\">\n\t\t\t\t<div class=\"elementor-element elementor-element-5747cfa e-flex e-con-boxed e-con e-parent\" data-id=\"5747cfa\" data-element_type=\"container\" data-e-type=\"container\">\n\t\t\t\t\t<div class=\"e-con-inner\">\n\t\t<div class=\"elementor-element elementor-element-7f497c4 e-con-full e-flex e-con e-child\" data-id=\"7f497c4\" data-element_type=\"container\" data-e-type=\"container\">\n\t\t\t\t<div class=\"elementor-element elementor-element-e61402f elementor-widget elementor-widget-testimonial\" data-id=\"e61402f\" data-element_type=\"widget\" data-e-type=\"widget\" data-widget_type=\"testimonial.default\">\n\t\t\t\t\t\t\t<div class=\"elementor-testimonial-wrapper\">\n\t\t\t\t\t\t\t<div class=\"elementor-testimonial-content\">Laura m'a \u00e9norm\u00e9ment aid\u00e9e \u00e0 comprendre les petits signes qu'on ignore souvent, \u00e0 me faire confiance et \u00e0 avancer dans le calme et le respect avec ma jument. Elle est tr\u00e8s impliqu\u00e9e, r\u00e9active et pleine de bons conseils. Je recommande +++<\/div>\n\t\t\t\n\t\t\t\t\t\t<div class=\"elementor-testimonial-meta\">\n\t\t\t\t<div class=\"elementor-testimonial-meta-inner\">\n\t\t\t\t\t\n\t\t\t\t\t\t\t\t\t\t<div class=\"elementor-testimonial-details\">\n\t\t\t\t\t\t\t\t\t\t\t\t\t\t<div class=\"elementor-testimonial-name\">Claire<\/div>\n\t\t\t\t\t\t\t\t\t\t\t\t\t\t\t\t\t\t\t<\/div>\n\t\t\t\t\t\t\t\t\t<\/div>\n\t\t\t<\/div>\n\t\t\t\t\t<\/div>\n\t\t\t\t\t\t<\/div>\n\t\t\t\t<div class=\"elementor-element elementor-element-75669ae elementor-widget elementor-widget-testimonial\" data-id=\"75669ae\" data-element_type=\"widget\" data-e-type=\"widget\" data-widget_type=\"testimonial.default\">\n\t\t\t\t\t\t\t<div class=\"elementor-testimonial-wrapper\">\n\t\t\t\t\t\t\t<div class=\"elementor-testimonial-content\">Je sens que la complicit\u00e9 est de retour avec L., et cela me fait plaisir. Nous avons crois\u00e9 une dizaine d'enfants qui voulaient lui dire bonjour. Il \u00e9tait tr\u00e8s calme, avec la t\u00eate basse pour s'approcher des enfants. Il \u00e9tait tr\u00e8s intrigu\u00e9 et n'a montr\u00e9 aucun signe de m\u00e9chancet\u00e9 ni d'envie de partir.\n\nJe pense que nous sommes sur la bonne voie et je vous en remercie !<\/div>\n\t\t\t\n\t\t\t\t\t\t<div class=\"elementor-testimonial-meta\">\n\t\t\t\t<div class=\"elementor-testimonial-meta-inner\">\n\t\t\t\t\t\n\t\t\t\t\t\t\t\t\t\t<div class=\"elementor-testimonial-details\">\n\t\t\t\t\t\t\t\t\t\t\t\t\t\t<div class=\"elementor-testimonial-name\">Elodie<\/div>\n\t\t\t\t\t\t\t\t\t\t\t\t\t\t\t\t\t\t\t<\/div>\n\t\t\t\t\t\t\t\t\t<\/div>\n\t\t\t<\/div>\n\t\t\t\t\t<\/div>\n\t\t\t\t\t\t<\/div>\n\t\t\t\t<\/div>\n\t\t<div class=\"elementor-element elementor-element-3afa422 e-con-full e-flex e-con e-child\" data-id=\"3afa422\" data-element_type=\"container\" data-e-type=\"container\">\n\t\t\t\t<div class=\"elementor-element elementor-element-b8df91a elementor-widget elementor-widget-testimonial\" data-id=\"b8df91a\" data-element_type=\"widget\" data-e-type=\"widget\" data-widget_type=\"testimonial.default\">\n\t\t\t\t\t\t\t<div class=\"elementor-testimonial-wrapper\">\n\t\t\t\t\t\t\t<div class=\"elementor-testimonial-content\">Laura est tr\u00e8s professionnelle et \u00e0 l'\u00e9coute du cavalier et du cheval.\nUn probl\u00e8me de stress ? Laura est la personne qu'il vous faut !\nJ'ai pu mieux comprend ma jument et pouvoir agir en cons\u00e9quence et faire les bonnes choses au bon moment ! Merci Laura<\/div>\n\t\t\t\n\t\t\t\t\t\t<div class=\"elementor-testimonial-meta\">\n\t\t\t\t<div class=\"elementor-testimonial-meta-inner\">\n\t\t\t\t\t\n\t\t\t\t\t\t\t\t\t\t<div class=\"elementor-testimonial-details\">\n\t\t\t\t\t\t\t\t\t\t\t\t\t\t<div class=\"elementor-testimonial-name\">C\u00e9lia<\/div>\n\t\t\t\t\t\t\t\t\t\t\t\t\t\t\t\t\t\t\t<\/div>\n\t\t\t\t\t\t\t\t\t<\/div>\n\t\t\t<\/div>\n\t\t\t\t\t<\/div>\n\t\t\t\t\t\t<\/div>\n\t\t\t\t<div class=\"elementor-element elementor-element-306a016 elementor-widget elementor-widget-testimonial\" data-id=\"306a016\" data-element_type=\"widget\" data-e-type=\"widget\" data-widget_type=\"testimonial.default\">\n\t\t\t\t\t\t\t<div class=\"elementor-testimonial-wrapper\">\n\t\t\t\t\t\t\t<div class=\"elementor-testimonial-content\">Ces derniers temps elle recule moins, quand je mets la grande lani\u00e8re du licol autour de son encolure et que je lui pr\u00e9sente l'endroit o\u00f9 mettre son nez elle le met tout seul ! C'est d\u00e9j\u00e0 beaucoup mieux, sauf aujourd'hui \u00e9videmment o\u00f9 me voyant arriver elle est partie au petit trot dans l'autre sens.\n\nMerci pour tes pr\u00e9cieux conseils, je vais retravailler dans ce sens et bosser le m\u00e9dical training avant le passage de la dentiste aussi!<\/div>\n\t\t\t\n\t\t\t\t\t\t<div class=\"elementor-testimonial-meta\">\n\t\t\t\t<div class=\"elementor-testimonial-meta-inner\">\n\t\t\t\t\t\n\t\t\t\t\t\t\t\t\t\t<div class=\"elementor-testimonial-details\">\n\t\t\t\t\t\t\t\t\t\t\t\t\t\t<div class=\"elementor-testimonial-name\">Alexia<\/div>\n\t\t\t\t\t\t\t\t\t\t\t\t\t\t\t\t\t\t\t<\/div>\n\t\t\t\t\t\t\t\t\t<\/div>\n\t\t\t<\/div>\n\t\t\t\t\t<\/div>\n\t\t\t\t\t\t<\/div>\n\t\t\t\t<\/div>\n\t\t\t\t\t<\/div>\n\t\t\t\t<\/div>\n\t\t<div class=\"elementor-element elementor-element-ced1a7a e-flex e-con-boxed e-con e-parent\" data-id=\"ced1a7a\" data-element_type=\"container\" data-e-type=\"container\">\n\t\t\t\t\t<div class=\"e-con-inner\">\n\t\t\t\t<div class=\"elementor-element elementor-element-9bdf46d elementor-widget elementor-widget-text-editor\" data-id=\"9bdf46d\" data-element_type=\"widget\" data-e-type=\"widget\" data-widget_type=\"text-editor.default\">\n\t\t\t\t\t\t\t\t\t<p>Vous avez fait appel \u00e0 moi pour une probl\u00e9matique comportementale et vous souhaitez partager votre exp\u00e9rience ?\u00a0<\/p><p>Vous pouvez m&rsquo;\u00e9crire \u00e0 l&rsquo;adresse suivante : laura.perceptionequine@gmail.com<\/p>\t\t\t\t\t\t\t\t<\/div>\n\t\t\t\t\t<\/div>\n\t\t\t\t<\/div>\n\t\t\t\t<\/div>\n\t\t","protected":false},"excerpt":{"rendered":"<p>Laura m&rsquo;a \u00e9norm\u00e9ment aid\u00e9e \u00e0 comprendre les petits signes qu&rsquo;on ignore souvent, \u00e0 me faire confiance et \u00e0 avancer dans [&hellip;]<\/p>\n","protected":false},"author":1,"featured_media":0,"parent":0,"menu_order":0,"comment_status":"closed","ping_status":"closed","template":"","meta":{"site-sidebar-layout":"no-sidebar","site-content-layout":"","ast-site-content-layout":"full-width-container","site-content-style":"default","site-sidebar-style":"default","ast-global-header-display":"","ast-banner-title-visibility":"","ast-main-header-display":"","ast-hfb-above-header-display":"","ast-hfb-below-header-display":"","ast-hfb-mobile-header-display":"","site-post-title":"","ast-breadcrumbs-content":"","ast-featured-img":"disabled","footer-sml-layout":"","theme-transparent-header-meta":"","adv-header-id-meta":"","stick-header-meta":"","header-above-stick-meta":"","header-main-stick-meta":"","header-below-stick-meta":"","astra-migrate-meta-layouts":"default","ast-page-background-enabled":"default","ast-page-background-meta":{"desktop":{"background-color":"var(--ast-global-color-5)","background-image":"","background-repeat":"repeat","background-position":"center center","background-size":"auto","background-attachment":"scroll","background-type":"","background-media":"","overlay-type":"","overlay-color":"","overlay-opacity":"","overlay-gradient":""},"tablet":{"background-color":"","background-image":"","background-repeat":"repeat","background-position":"center center","background-size":"auto","background-attachment":"scroll","background-type":"","background-media":"","overlay-type":"","overlay-color":"","overlay-opacity":"","overlay-gradient":""},"mobile":{"background-color":"","background-image":"","background-repeat":"repeat","background-position":"center center","background-size":"auto","background-attachment":"scroll","background-type":"","background-media":"","overlay-type":"","overlay-color":"","overlay-opacity":"","overlay-gradient":""}},"ast-content-background-meta":{"desktop":{"background-color":"var(--ast-global-color-4)","background-image":"","background-repeat":"repeat","background-position":"center center","background-size":"auto","background-attachment":"scroll","background-type":"","background-media":"","overlay-type":"","overlay-color":"","overlay-opacity":"","overlay-gradient":""},"tablet":{"background-color":"var(--ast-global-color-4)","background-image":"","background-repeat":"repeat","background-position":"center center","background-size":"auto","background-attachment":"scroll","background-type":"","background-media":"","overlay-type":"","overlay-color":"","overlay-opacity":"","overlay-gradient":""},"mobile":{"background-color":"var(--ast-global-color-4)","background-image":"","background-repeat":"repeat","background-position":"center center","background-size":"auto","background-attachment":"scroll","background-type":"","background-media":"","overlay-type":"","overlay-color":"","overlay-opacity":"","overlay-gradient":""}},"footnotes":""},"class_list":["post-43","page","type-page","status-publish","hentry"],"yoast_head":"<!-- This site is optimized with the Yoast SEO plugin v26.3 - https:\/\/yoast.com\/wordpress\/plugins\/seo\/ -->\n<title>TEMOIGNAGES - Perception \u00e9quine<\/title>\n<meta name=\"robots\" content=\"index, follow, max-snippet:-1, max-image-preview:large, max-video-preview:-1\" \/>\n<link rel=\"canonical\" href=\"https:\/\/perceptionequine.fr\/index.php\/temoignages\/\" \/>\n<meta property=\"og:locale\" content=\"fr_FR\" \/>\n<meta property=\"og:type\" content=\"article\" \/>\n<meta property=\"og:title\" content=\"TEMOIGNAGES - Perception \u00e9quine\" \/>\n<meta property=\"og:description\" content=\"Laura m&rsquo;a \u00e9norm\u00e9ment aid\u00e9e \u00e0 comprendre les petits signes qu&rsquo;on ignore souvent, \u00e0 me faire confiance et \u00e0 avancer dans [&hellip;]\" \/>\n<meta property=\"og:url\" content=\"https:\/\/perceptionequine.fr\/index.php\/temoignages\/\" \/>\n<meta property=\"og:site_name\" content=\"Perception \u00e9quine\" \/>\n<meta property=\"article:publisher\" content=\"https:\/\/www.facebook.com\/laura.perceptionequine\" \/>\n<meta property=\"article:modified_time\" content=\"2025-11-17T11:15:22+00:00\" \/>\n<meta name=\"twitter:card\" content=\"summary_large_image\" \/>\n<meta name=\"twitter:label1\" content=\"Dur\u00e9e de lecture estim\u00e9e\" \/>\n\t<meta name=\"twitter:data1\" content=\"2 minutes\" \/>\n<script type=\"application\/ld+json\" class=\"yoast-schema-graph\">{\"@context\":\"https:\/\/schema.org\",\"@graph\":[{\"@type\":\"WebPage\",\"@id\":\"https:\/\/perceptionequine.fr\/index.php\/temoignages\/\",\"url\":\"https:\/\/perceptionequine.fr\/index.php\/temoignages\/\",\"name\":\"TEMOIGNAGES - Perception \u00e9quine\",\"isPartOf\":{\"@id\":\"https:\/\/perceptionequine.fr\/#website\"},\"datePublished\":\"2025-11-08T21:40:44+00:00\",\"dateModified\":\"2025-11-17T11:15:22+00:00\",\"breadcrumb\":{\"@id\":\"https:\/\/perceptionequine.fr\/index.php\/temoignages\/#breadcrumb\"},\"inLanguage\":\"fr-FR\",\"potentialAction\":[{\"@type\":\"ReadAction\",\"target\":[\"https:\/\/perceptionequine.fr\/index.php\/temoignages\/\"]}]},{\"@type\":\"BreadcrumbList\",\"@id\":\"https:\/\/perceptionequine.fr\/index.php\/temoignages\/#breadcrumb\",\"itemListElement\":[{\"@type\":\"ListItem\",\"position\":1,\"name\":\"Home\",\"item\":\"https:\/\/perceptionequine.fr\/\"},{\"@type\":\"ListItem\",\"position\":2,\"name\":\"TEMOIGNAGES\"}]},{\"@type\":\"WebSite\",\"@id\":\"https:\/\/perceptionequine.fr\/#website\",\"url\":\"https:\/\/perceptionequine.fr\/\",\"name\":\"Perception \u00e9quine\",\"description\":\"Laura, comportementaliste \u00e9quin\",\"publisher\":{\"@id\":\"https:\/\/perceptionequine.fr\/#organization\"},\"potentialAction\":[{\"@type\":\"SearchAction\",\"target\":{\"@type\":\"EntryPoint\",\"urlTemplate\":\"https:\/\/perceptionequine.fr\/?s={search_term_string}\"},\"query-input\":{\"@type\":\"PropertyValueSpecification\",\"valueRequired\":true,\"valueName\":\"search_term_string\"}}],\"inLanguage\":\"fr-FR\"},{\"@type\":\"Organization\",\"@id\":\"https:\/\/perceptionequine.fr\/#organization\",\"name\":\"Perception \u00e9quine\",\"url\":\"https:\/\/perceptionequine.fr\/\",\"logo\":{\"@type\":\"ImageObject\",\"inLanguage\":\"fr-FR\",\"@id\":\"https:\/\/perceptionequine.fr\/#\/schema\/logo\/image\/\",\"url\":\"https:\/\/perceptionequine.fr\/wp-content\/uploads\/2025\/11\/LOGO-FOND-TRANSPARENT-V2.png\",\"contentUrl\":\"https:\/\/perceptionequine.fr\/wp-content\/uploads\/2025\/11\/LOGO-FOND-TRANSPARENT-V2.png\",\"width\":704,\"height\":597,\"caption\":\"Perception \u00e9quine\"},\"image\":{\"@id\":\"https:\/\/perceptionequine.fr\/#\/schema\/logo\/image\/\"},\"sameAs\":[\"https:\/\/www.facebook.com\/laura.perceptionequine\",\"https:\/\/www.instagram.com\/perceptionequine\/\"]}]}<\/script>\n<!-- \/ Yoast SEO plugin. -->","yoast_head_json":{"title":"TEMOIGNAGES - Perception \u00e9quine","robots":{"index":"index","follow":"follow","max-snippet":"max-snippet:-1","max-image-preview":"max-image-preview:large","max-video-preview":"max-video-preview:-1"},"canonical":"https:\/\/perceptionequine.fr\/index.php\/temoignages\/","og_locale":"fr_FR","og_type":"article","og_title":"TEMOIGNAGES - Perception \u00e9quine","og_description":"Laura m&rsquo;a \u00e9norm\u00e9ment aid\u00e9e \u00e0 comprendre les petits signes qu&rsquo;on ignore souvent, \u00e0 me faire confiance et \u00e0 avancer dans [&hellip;]","og_url":"https:\/\/perceptionequine.fr\/index.php\/temoignages\/","og_site_name":"Perception \u00e9quine","article_publisher":"https:\/\/www.facebook.com\/laura.perceptionequine","article_modified_time":"2025-11-17T11:15:22+00:00","twitter_card":"summary_large_image","twitter_misc":{"Dur\u00e9e de lecture estim\u00e9e":"2 minutes"},"schema":{"@context":"https:\/\/schema.org","@graph":[{"@type":"WebPage","@id":"https:\/\/perceptionequine.fr\/index.php\/temoignages\/","url":"https:\/\/perceptionequine.fr\/index.php\/temoignages\/","name":"TEMOIGNAGES - Perception \u00e9quine","isPartOf":{"@id":"https:\/\/perceptionequine.fr\/#website"},"datePublished":"2025-11-08T21:40:44+00:00","dateModified":"2025-11-17T11:15:22+00:00","breadcrumb":{"@id":"https:\/\/perceptionequine.fr\/index.php\/temoignages\/#breadcrumb"},"inLanguage":"fr-FR","potentialAction":[{"@type":"ReadAction","target":["https:\/\/perceptionequine.fr\/index.php\/temoignages\/"]}]},{"@type":"BreadcrumbList","@id":"https:\/\/perceptionequine.fr\/index.php\/temoignages\/#breadcrumb","itemListElement":[{"@type":"ListItem","position":1,"name":"Home","item":"https:\/\/perceptionequine.fr\/"},{"@type":"ListItem","position":2,"name":"TEMOIGNAGES"}]},{"@type":"WebSite","@id":"https:\/\/perceptionequine.fr\/#website","url":"https:\/\/perceptionequine.fr\/","name":"Perception \u00e9quine","description":"Laura, comportementaliste \u00e9quin","publisher":{"@id":"https:\/\/perceptionequine.fr\/#organization"},"potentialAction":[{"@type":"SearchAction","target":{"@type":"EntryPoint","urlTemplate":"https:\/\/perceptionequine.fr\/?s={search_term_string}"},"query-input":{"@type":"PropertyValueSpecification","valueRequired":true,"valueName":"search_term_string"}}],"inLanguage":"fr-FR"},{"@type":"Organization","@id":"https:\/\/perceptionequine.fr\/#organization","name":"Perception \u00e9quine","url":"https:\/\/perceptionequine.fr\/","logo":{"@type":"ImageObject","inLanguage":"fr-FR","@id":"https:\/\/perceptionequine.fr\/#\/schema\/logo\/image\/","url":"https:\/\/perceptionequine.fr\/wp-content\/uploads\/2025\/11\/LOGO-FOND-TRANSPARENT-V2.png","contentUrl":"https:\/\/perceptionequine.fr\/wp-content\/uploads\/2025\/11\/LOGO-FOND-TRANSPARENT-V2.png","width":704,"height":597,"caption":"Perception \u00e9quine"},"image":{"@id":"https:\/\/perceptionequine.fr\/#\/schema\/logo\/image\/"},"sameAs":["https:\/\/www.facebook.com\/laura.perceptionequine","https:\/\/www.instagram.com\/perceptionequine\/"]}]}},"_links":{"self":[{"href":"https:\/\/perceptionequine.fr\/index.php\/wp-json\/wp\/v2\/pages\/43","targetHints":{"allow":["GET"]}}],"collection":[{"href":"https:\/\/perceptionequine.fr\/index.php\/wp-json\/wp\/v2\/pages"}],"about":[{"href":"https:\/\/perceptionequine.fr\/index.php\/wp-json\/wp\/v2\/types\/page"}],"author":[{"embeddable":true,"href":"https:\/\/perceptionequine.fr\/index.php\/wp-json\/wp\/v2\/users\/1"}],"replies":[{"embeddable":true,"href":"https:\/\/perceptionequine.fr\/index.php\/wp-json\/wp\/v2\/comments?post=43"}],"version-history":[{"count":7,"href":"https:\/\/perceptionequine.fr\/index.php\/wp-json\/wp\/v2\/pages\/43\/revisions"}],"predecessor-version":[{"id":152,"href":"https:\/\/perceptionequine.fr\/index.php\/wp-json\/wp\/v2\/pages\/43\/revisions\/152"}],"wp:attachment":[{"href":"https:\/\/perceptionequine.fr\/index.php\/wp-json\/wp\/v2\/media?parent=43"}],"curies":[{"name":"wp","href":"https:\/\/api.w.org\/{rel}","templated":true}]}}